 = -6*s(f) + w(f). Let z be q(1). Let a be ((-2 - z) + 2)*2. Calculate the highest common factor of 30 and a.
6
Let d be 2/(12 + -8 - (-62)/(-16)). Suppose -3*m + 81 = m - 5*o, 93 = 4*m - o. Calculate the greatest common divisor of m and d.
8
Suppose -3*f + 149 = 4*y, 0 = -5*y + 4*f - 9*f + 190. Let s = -10 - -17. What is the greatest common factor of s and y?
7
Let t = 30 + -9. What is the greatest common divisor of t and 21?
21
Let u be (-8)/(-1*2) + 1. Let z = -20 + 24. Suppose z*j + 2 = 6, -u*f + j + 239 = 0. What is the highest common divisor of 12 and f?
12
Suppose 0 = 4*x - 2*u + 324, -2*x + 3*u - 158 = -0*x. Let r = x + 148. Let y = -42 + r. Calculate the greatest common divisor of y and 12.
12
Suppose 0 = o + 3*h - 141, o - h = -2*o + 373. Suppose 0 = 5*r + 39 - 129. What is the highest common divisor of o and r?
18
Let r be 2 + (-9 - -4) + -1 + 39. What is the highest common factor of r and 35?
35
Let c = -93 - -116. Calculate the greatest common divisor of c and 253.
23
Let a(l) = 91*l**2 + l. Let j be a(-1). Calculate the greatest common divisor of 36 and j.
18
Let a(j) = -11*j - 1. Let d be a(-1). Let l = -7 + d. Suppose -18 - 6 = -l*g. Calculate the greatest common divisor of 20 and g.
4
Let j(h) = h**2 + 7*h + 9. Let b be j(-7). Calculate the greatest common divisor of b and 27.
9
Let x = -287 - -65. Let r = -159 - x. Suppose 4*g - k - 28 = 0, -3*g + 3*k + 21 = -0*g. What is the greatest common factor of r and g?
7
Suppose 0 = b - 4*b. Suppose -q + b*q + 4*o = -36, 5*q = -2*o + 70. Calculate the greatest common divisor of q and 40.
8
Suppose o + 2 = -0. Let n = -10 - o. Let j = 5 - n. Calculate the highest common divisor of 13 and j.
13
Suppose 9 + 47 = 4*z. What is the greatest common divisor of z and 35?
7
Let s(g) = g**3 + 8*g**2 + 2*g - 5. Let h be s(-6). What is the greatest common divisor of 5 and h?
5
Let y(b) = -b**3 + 182. Let s be 5/10*(-1 + 1). Let k be y(s). Let x = k - 127. What is the highest common divisor of x and 22?
11
Suppose 145 = 3*p - d, 7 = -4*p - 3*d + 222. Let q be p/4 - (-15)/(-10). What is the greatest common divisor of q and 88?
11
Suppose -2 = -2*s + 2, -t + s = -22. Suppose -24 = -4*w - 3*m, 0*w - 5*m = 4*w - 24. What is the greatest common factor of t and w?
6
Let f = 40 - 29. Calculate the highest common divisor of f and 55.
11
Let a be 43 + -3 + (-15)/(-3). What is the greatest common factor of a and 9?
9
Let i(s) = -s**3 + 11*s**2 - 9*s - 7. Let v be i(10). Suppose v*u + 35 = 6*u - a, 21 = u - 5*a. What is the greatest common divisor of 44 and u?
11
Suppose -3 = -2*u + 25. Suppose k = -0*k - 22. Let p = 43 + k. What is the highest common factor of u and p?
7
Suppose -3*d + 11 = -16. What is the greatest common factor of 9 and d?
9
Let r be ((-3)/(-9))/((-1)/(-6)). Suppose -5*c = -x + 35, r*c - 5 = -2*x - c. Let y = 48 - 28. Calculate the highest common factor of y and x.
10
Suppose 0 = -2*j - 2*w - 36, 24 = -j + 2*w - 6*w. Let a be (-36)/8*j/3. Calculate the greatest common factor of a and 96.
24
Let g be (8 + -7)*(0 - -2). Let h be 0 - ((-2)/2 + -1). Calculate the highest common divisor of h and g.
2
Suppose -7*a = -676 - 787. What is the highest common factor of a and 19?
19
Let c be (12/8)/((-2)/(-72)). Calculate the highest common divisor of c and 36.
18
Let g be -12*(5 - (-19)/(-3)). Calculate the highest common factor of g and 176.
16
Let o(d) = -16*d. Let a be o(-1). What is the greatest common divisor of 16 and a?
16
Suppose -45 = -6*g + g. Let y = g - -5. What is the highest common factor of y and 56?
14
Suppose 2*c - 2*q + 3*q + 13 = 0, 4*q + 22 = -3*c. Let l be 10/30 - 178/c. Calculate the highest common divisor of 6 and l.
6
Suppose 0 = -4*i + 40 + 164. What is the highest common factor of i and 17?
17
Suppose -p - 2*p = -18. Calculate the highest common divisor of 54 and p.
6
Let i(u) = 44*u - 3. Let q be i(2). Suppose 0 = -3*x + 3, -3*y + 2*x - 5*x + 105 = 0. What is the highest common factor of q and y?
17
Let n be (-14)/4*(-8)/14. Let f be 4/n - (-130 + -4). Suppose -4*a + 81 - 13 = 0. What is the highest common factor of a and f?
17
Let w(v) = -v**2 + 18*v - 32. Let h be w(5). Calculate the highest common factor of h and 33.
33
Suppose 0 = -3*f - 3*d, 4*f + 0*d - 4*d = 16. Let m be (-3 + 9)/f + 140. What is the highest common divisor of m and 13?
13
Let d(l) = l**3 + 12*l**2 + 24. Let u be d(-12). What is the highest common factor of 192 and u?
24
Suppose 2*d - 14 = -0*j + 2*j, 0 = 3*j + 3*d + 39. Let g = 11 + j. Calculate the greatest common factor of 8 and g.
1
Let d = 3 + -8. Let a(c) = -71*c - 3. Let b(f) = -106*f - 4. Let o(z) = d*b(z) + 8*a(z). Let w be o(-3). What is the greatest common factor of w and 10?
10
Let o = -6 - -4. Let c be 2 + 0 + (-126)/o. Suppose 4*z - 5*b - 105 = 0, 0 = z + z - 5*b - c. What is the highest common factor of 20 and z?
20
Let o(q) = q + 12. Let p be o(6). Calculate the greatest common factor of 27 and p.
9
Let z(b) = -b**2 + 140. Let w = -3 + 3. Let h be z(w). Suppose h = 2*l + 2*l. Calculate the highest common factor of l and 14.
7
Let p = -72 + 86. What is the highest common factor of 154 and p?
14
Suppose -55 - 41 = -12*v. Calculate the highest common factor of 40 and v.
8
Suppose 4*v = 8*v - 264. Calculate the highest common factor of 44 and v.
22
Let g be (-98)/(-4 - 3/(-1)). Calculate the greatest common divisor of g and 14.
14
Suppose -x - 3*g - 2 + 3 = 0, 0 = 3*x - 2*g - 36. Let a = 173 + -47. Let w = -76 + a. Calculate the greatest common factor of w and x.
10
Let r(x) = 23*x + 18. Let k be r(5). What is the greatest common divisor of k and 19?
19
Let m be 19/((-171)/30)*36/(-5). What is the greatest common divisor of 36 and m?
12
Suppose 3*b + 168 = 4*h, 3*h - b - b - 126 = 0. Suppose -39 = -2*y - y. Suppose y - 83 = -5*j. What is the highest common divisor of h and j?
14
Let u = 43 + -26. Calculate the greatest common divisor of 1 and u.
1
Suppose o + 2 = -p, p = 5*p + o + 11. Let g be (2 - 5 - -24) + p. What is the highest common factor of g and 126?
18
Suppose -3*o - o = -4*i + 40, 0 = i + o. Calculate the greatest common divisor of 20 and i.
5
Let t(a) = a - 2. Suppose -3*c = -4*c + 24. Suppose 8 = -4*z + c. Let m be t(z). Calculate the greatest common divisor of 8 and m.
2
Suppose 2*j = z - 7 - 4, -3*j = -5*z + 20. Let d be j/3*(-7 + -2). Calculate the highest common divisor of d and 45.
15
Suppose 120 = 2*l + 2*l. Calculate the greatest common divisor of l and 10.
10
Let k be -3*(1 - 3)/6. Let z(j) = 7*j**2 - 1. Let u be z(k). Let s be 212/u + 6/9. Calculate the greatest common divisor of 90 and s.
18
Let v be -1*(-1 + 1) + 1. Suppose 3*u - v = 5. Calculate the highest common divisor of u and 14.
2
Let b be (6/(-2))/(12/(-160)). Let y be b/2*17/4. What is the highest common factor of 17 and y?
17
Let a(y) = -4*y - 7. Let p be a(-5). Let k = 275 + -158. What is the greatest common divisor of p and k?
13
Let j(x) = -7*x**3 - x + 1. Let v be j(1). Let p(f) = f**2 + 4*f. Let k be p(v). Let h = k + -13. What is the highest common divisor of h and 20?
4
Suppose -26*f + 15*f = -154. Calculate the greatest common factor of f and 154.
14
Suppose 5*r + 3 = 3*k + r, 6 = 2*r. Suppose -2*a + k*o - 1 = 0, 0 = -7*a + 2*a + 2*o + 50. What is the highest common divisor of a and 48?
12
Let i = 5 - -6. What is the highest common divisor of i and 33?
11
Let l(x) = -x**2 + 9*x - 8. Let a be l(4). Calculate the highest common divisor of a and 84.
12
Let a be (-10)/40 - (-162)/8. What is the highest common factor of a and 8?
4
Let o(y) = 4*y**2 - 4. Let q be o(-4). Suppose -148 = -5*a + 2*m, -118 = -4*a - m + 3*m. Calculate the highest common factor of a and q.
30
Let o = -136 + 72. Let j = -43 - o. Suppose -3*a + 61 = -f, -2*a + f + 47 - 7 = 0. What is the greatest common factor of a and j?
21
Suppose 0 = -b + 4*b - 270. Let h = 13 + -8. Suppose 2*u + 0 = 4, -h*k + 40 = -5*u. What is the greatest common divisor of k and b?
10
Let f = -39 - -49. Calculate the highest common divisor of 160 and f.
10
Suppose -3 = -2*t + 3. Let v be (13 - -5)*1/t. What is the greatest common divisor of 12 and v?
6
Let w(j) = -j**3 + 6*j**2 - 3*j. Let g be w(2). Let v be 30 - 5/(g/(-6)). Suppose 4*k + 3 = 5*k. What is the highest common divisor of k and v?
3
Let p =